is divided by 983?
180
What is the remainder when 26557 is divided by 437?
337
What is the remainder when 522286 is divided by 104?
102
What is the remainder when 1711 is divided by 541?
88
Calculate the remainder when 28611 is divided by 160.
131
What is the remainder when 253375 is divided by 126?
115
Calculate the remainder when 21980 is divided by 1379.
1295
What is the remainder when 15071 is divided by 12?
11
Calculate the remainder when 865 is divided by 430.
5
Calculate the remainder when 66783 is divided by 361.
359
Calculate the remainder when 12591 is divided by 1388.
99
Calculate the remainder when 972 is divided by 377.
218
Calculate the remainder when 31088 is divided by 1409.
90
Calculate the remainder when 10507 is divided by 74.
73
What is the remainder when 3902 is divided by 1934?
34
Calculate the remainder when 7749 is divided by 422.
153
What is the remainder when 16699 is divided by 32?
27
What is the remainder when 155183 is divided by 35?
28
What is the remainder when 60089 is divided by 323?
11
What is the remainder when 171243 is divided by 383?
42
What is the remainder when 8388 is divided by 4155?
78
What is the remainder when 156449 is divided by 363?
359
What is the remainder when 1516 is divided by 659?
198
Calculate the remainder when 4552 is divided by 60.
52
What is the remainder when 427201 is divided by 502?
501
Calculate the remainder when 112927 is divided by 28227.
19
What is the remainder when 4223 is divided by 32?
31
What is the remainder when 172920 is divided by 779?
761
Calculate the remainder when 8413 is divided by 92.
41
What is the remainder when 5722 is divided by 877?
460
Calculate the remainder when 10151 is divided by 5028.
95
Calculate the remainder when 29419 is divided by 392.
19
Calculate the remainder when 25307 is divided by 39.
35
What is the remainder when 435590 is divided by 16132?
26
What is the remainder when 2317 is divided by 133?
56
What is the remainder when 3957 is divided by 6?
3
Calculate the remainder when 637813 is divided by 7.
1
Calculate the remainder when 24306 is divided by 8019.
249
Calculate the remainder when 2974 is divided by 107.
85
What is the remainder when 2499 is divided by 440?
299
Calculate the remainder when 57618 is divided by 57613.
5
What is the remainder when 205122 is divided by 102546?
30
What is the remainder when 22302 is divided by 52?
46
Calculate the remainder when 5277 is divided by 406.
405
Calculate the remainder when 19825 is divided by 3294.
61
Calculate the remainder when 3926 is divided by 727.
291
Calculate the remainder when 387712 is divided by 379.
374
Calculate the remainder when 249653 is divided by 340.
93
What is the remainder when 2869 is divided by 176?
53
Calculate the remainder when 4104 is divided by 128.
8
Calculate the remainder when 14579 is divided by 192.
179
Calculate the remainder when 5347 is divided by 101.
95
Calculate the remainder when 1486 is divided by 84.
58
Calculate the remainder when 88737 is divided by 217.
201
Calculate the remainder when 10875 is divided by 551.
406
Calculate the remainder when 101773 is divided by 16.
13
Calculate the remainder when 5836543 is divided by 16.
15
What is the remainder when 8669 is divided by 85?
84
What is the remainder when 427040 is divided by 159?
125
Calculate the remainder when 50774 is divided by 3903.
35
What is the remainder when 17768 is divided by 38?
22
Calculate the remainder when 225175 is divided by 540.
535
Calculate the remainder when 5359 is divided by 40.
39
What is the remainder when 20191 is divided by 164?
19
What is the remainder when 22014 is divided by 10998?
18
What is the remainder when 1893 is divided by 1862?
31
Calculate the remainder when 40438 is divided by 47.
18
Calculate the remainder when 2160 is divided by 72.
0
What is the remainder when 1091897 is divided by 610?
607
Calculate the remainder when 7343 is divided by 79.
75
What is the remainder when 16345 is divided by 73?
66
What is the remainder when 110962 is divided by 606?
64
Calculate the remainder when 454210 is divided by 186.
184
What is the remainder when 42733 is divided by 6082?
159
Calculate the remainder when 972971 is divided by 137.
134
What is the remainder when 5265 is divided by 98?
71
Calculate the remainder when 29940 is divided by 78.
66
Calculate the remainder when 1224 is divided by 391.
51
Calculate the remainder when 113231 is divided by 42.
41
What is the remainder when 56895 is divided by 56?
55
What is the remainder when 32596 is divided by 10863?
7
What is the remainder when 476 is divided by 12?
8
Calculate the remainder when 14686 is divided by 1461.
76
What is the remainder when 30518 is divided by 5057?
176
Calculate the remainder when 12480 is divided by 12440.
40
What is the remainder when 3584 is divided by 225?
209
Calculate the remainder when 13768 is divided by 153.
151
Calculate the remainder when 2912 is divided by 631.
388
Calculate the remainder when 2016676 is divided by 239.
233
What is the remainder when 1417065 is divided by 6?
3
What is the remainder when 1297269 is divided by 107?
1
Calculate the remainder when 1624972 is divided by 541656.
4
Calculate the remainder when 15919 is divided by 2647.
37
Calculate the remainder when 168153 is divided by 9.
6
What is the remainder when 65161 is divided by 724?
1
Calculate the remainder when 5966 is divided by 1699.
869
Calculate the remainder when 27662 is divided by 112.
110
What is the remainder when 5189 is divided by 77?
30
Calculate the remainder when 46583 is divided by 675.
8
Calculate the remainder when 132928 is divided by 83.
45
Calculate the remainder when 47997 is divided by 47977.
20
What is the remainder when 4806 is divided by 195?
126
What is the remainder when 7210 is divided by 111?
106
What is the remainder when 659 is divided by 112?
99
Calculate the remainder when 1771 is divided by 1744.
27
Calculate the remainder when 7885 is divided by 1574.
15
What is the remainder when 324954 is divided by 68?
50
What is the remainder when 110309 is divided by 15?
14
What is the remainder when 2034 is divided by 178?
76
What is the remainder when 68009 is divided by 33?
29
Calculate the remainder when 4393 is divided by 31.
22
Calculate the remainder when 66574 is divided by 73.
71
What is the remainder when 94519 is divided by 136?
135
Calculate the remainder when 15665 is divided by 158.
23
What is the remainder when 2830 is divided by 577?
522
What is the remainder when 2117 is divided by 130?
37
Calculate the remainder when 47151 is divided by 403.
0
Calculate the remainder when 70934 is divided by 31.
6
What is the remainder when 53165 is divided by 818?
813
Calculate the remainder when 5770 is divided by 32.
10
Calculate the remainder when 3841 is divided by 3827.
14
Calculate the remainder when 64685 is divided by 190.
85
Calculate the remainder when 36266 is divided by 13.
9
Calculate the remainder when 13202 is divided by 12.
2
What is the remainder when 327320 is divided by 23?
7
What is the remainder when 5272 is divided by 582?
34
Calculate the remainder when 236648 is divided by 35.
13
What is the remainder when 5184 is divided by 138?
78
What is the remainder when 23939 is divided by 10?
9
What is the remainder when 1582 is divided by 700?
182
Calculate the remainder when 101219 is divided by 330.
239
What is the remainder when 39555 is divided by 13180?
15
What is the remainder when 77627 is divided by 149?
147
What is the remainder when 6801 is divided by 1684?
65
Calculate the remainder when 12025 is divided by 143.
13
What is the remainder when 12001 is divided by 49?
45
What is the remainder when 110778 is divided by 27694?
2
Calculate the remainder when 26266 is divided by 7918.
2512
Calculate the remainder when 18123 is divided by 6041.
0
What is the remainder when 76246 is divided by 897?
1
What is the remainder when 15581 is divided by 1307?
1204
What is the remainder when 5770 is divided by 530?
470
What is the remainder when 64969 is divided by 50?
19
Calculate the remainder when 3102 is divided by 1031.
9
What is the remainder when 14149 is divided by 4710?
19
Calculate the remainder when 5867 is divided by 2876.
115
What is the remainder when 5523 is 